 + y - 76497 = -564*h, -3*h + 114778 = -5*y. Calculate the remainder when h is divided by 311.
309
Let g(r) = -3*r**2 + 71*r + 49. Let v = 199 + -175. Calculate the remainder when 48 is divided by g(v).
23
What is the remainder when 816 is divided by ((-1)/1)/((-23)/1265)?
46
Suppose -27*j + 26*j + 2*x + 53 = 0, -5*j = -5*x - 245. Calculate the remainder when j is divided by 13.
6
Let q(g) = g**3 - g - 3. Let h(a) = 8*a**2 - 4*a + 33. Let i be h(-7). Suppose i = 6*j + 207. Calculate the remainder when j is divided by q(3).
20
Let a(x) = 2*x**2 + 43*x - 19. Let b be a(-22). Suppose -3*f = -b*u + 60, -4*f + 2*f - 55 = -3*u. What is the remainder when 160 is divided by u?
10
Suppose s + 3*z = 589, -3*s - z + 1438 = -321. What is the remainder when s is divided by 28?
26
Let o(y) = 6*y + 14*y + 3 - 1. Suppose -8*j + 28 = z - 5*j, -2*j + 48 = 2*z. What is the remainder when o(2) is divided by z?
20
Let r = 67 + -138. Let g = r + 103. What is the remainder when 2/4*93*(-24)/(-9) is divided by g?
28
Let l(c) = 6*c**2 + 5*c + 3. Let h be l(-1). Suppose 398 - 86 = h*j. Calculate the remainder when j is divided by 9.
6
Let v(x) = 11*x**3 + 3*x - 3. Let l be v(2). Let w be (-1 + 60*1)*(-60 + 61). Let r = l - w. What is the remainder when r is divided by 18?
14
Suppose -10*p + 7*p = -4*h - 1139, -5*h = -2*p + 764. What is the remainder when p is divided by 354?
23
Let d = -9341 - -9584. What is the remainder when d is divided by 16?
3
Let w(h) = 18*h**2 - 4*h + 113. Calculate the remainder when w(10) is divided by 7.
4
Let g = 94 - 96. Let s be g/11 - 24/(-132). Suppose s = t + 2*t - 390. What is the remainder when t is divided by 22?
20
Suppose -58*l + 61*l - 2691 = 0. Suppose 17*d - 4*d = l. What is the remainder when 132 is divided by d?
63
Suppose -z + 4 = 0, -i = 3*z - 10 - 10. Suppose i*x - 60 = 3*x. Calculate the remainder when 94 is divided by x.
10
Suppose 0 = 7*k - 31 + 3. Calculate the remainder when 1 + -1 + k - -58 is divided by 17.
11
Suppose 0 = 16*h - 15*h - 668. What is the remainder when h is divided by 98?
80
Let m = 2468 + -2320. What is the remainder when m is divided by 39?
31
Let w be (0 + 0)/(-3 + 6). Suppose w = 2*b - 2*z + z - 98, 5*z - 110 = -2*b. Let h = b - 4. Calculate the remainder when h is divided by 26.
20
Let x be ((-50)/(-6))/(7/42). Suppose -29*k + 311 = x. What is the remainder when 14 is divided by k?
5
Suppose 5*j - 495 = 5*w, -19*j - 2*w = -12*j - 657. What is the remainder when 153 is divided by j?
58
Suppose 5*h = v - 5, 5*v - 4*h - 4 - 21 = 0. Suppose 34 = v*a + 4. Let t(c) = -4*c + 58. What is the remainder when t(10) is divided by a?
0
Let k(u) = u + 7. Let o be k(-4). Suppose -o*p + 5*j = 2*p + 150, -p = -2*j + 26. Let s = p - -66. What is the remainder when 93 is divided by s?
29
Calculate the remainder when 441 is divided by (-3 - 1209)*(-32)/192.
37
What is the remainder when 265 is divided by (0 - -1)*(492/(-41) - -231)?
46
Suppose 0*b - 33 = 4*f + b, -2*b + 6 = 0. Let p be -1*(-15)/(-5) - f. What is the remainder when 40/p - (-1)/3 is divided by 4?
3
Suppose 4*w = 6*w - 140. Suppose -2*i = -4*t - w, 0 = -0*i - 4*i - 2*t + 100. Calculate the remainder when 132 is divided by i.
24
Let h(j) = 8*j**2 + 2*j - 2. Let q(o) = o + 1. Let z be q(1). Suppose -5*i - 2*x - 11 = z*x, -3*i = -3*x - 15. What is the remainder when 63 is divided by h(i)?
7
Let g = 349 + -612. Let j = g - -453. Suppose -220 = -5*w + j. Calculate the remainder when w is divided by 17.
14
Let j = 539 - 487. Calculate the remainder when j is divided by 5.
2
Let w be (2 - (0 - -1))/(9/297). Suppose -w*m = -30*m - 63. Calculate the remainder when 97 is divided by m.
13
Calculate the remainder when (2074/119 - 18)/(2/(-833)) is divided by 68.
34
Suppose -25*z + 31204 = 6329. What is the remainder when z is divided by 9?
5
Let o = -91 - -126. Calculate the remainder when 74 is divided by (o - (8 - 7)) + 5.
35
Suppose -2*f + 146 = -4*g, -69*f = -73*f - 4*g + 136. Let b(r) = -65*r - 1. What is the remainder when b(-2) is divided by f?
35
Suppose -45*t + 6769 + 28168 = -20098. Calculate the remainder when t is divided by 247.
235
Suppose 2*h = 2*m - h + 138, -359 = 5*m - 4*h. Calculate the remainder when -1*(m - (3 - -1)) is divided by 21.
16
Let g(v) = v**2 + 166*v - 644. What is the remainder when 604 is divided by g(4)?
28
Suppose 0 = 4*r + 3*q - 81, 13*q + 33 = 2*r + 12*q. Suppose 2*n - 3*n + 15 = x, -4*x = -n - 10. What is the remainder when r is divided by n?
8
Let i = 23 + 74. Let n = -67 + i. Suppose 143 = 19*t - 6*t. What is the remainder when n is divided by t?
8
Let w = -1658 - -1697. Calculate the remainder when 698/10 + (-77)/(-35) + -2 is divided by w.
31
Suppose -11*u = -4612 + 4546. Let m(j) = j**3 - j**2 - 3*j + 3. What is the remainder when m(3) is divided by u?
0
Let z(t) be the first derivative of -t**4/4 - 5*t**3/3 + 17*t**2 + 3. What is the remainder when 89 is divided by z(-9)?
17
Let y be -385*(-1 + (-8)/2 - -4). Suppose -4*m - 110 = -v, 5*v + 4*m - 1055 = -y. Calculate the remainder when v is divided by 11.
9
Let z = 52 + -49. Suppose z*f + 5*y = -12, -4*y = -4*f + f + 15. Suppose p = -2*c - f + 4, -5*p = -c + 7. What is the remainder when 23 is divided by c?
1
Suppose -872 = -u + 23*c - 21*c, -5*u - 5*c = -4300. What is the remainder when u is divided by 59?
38
Let j(p) = -90*p - 855. What is the remainder when 662 is divided by j(-11)?
122
Let u(v) = 88*v**2 + 702*v + 15. What is the remainder when 989 is divided by u(-8)?
28
Suppose -30*v - 33 = -213. Calculate the remainder when 104 is divided by v.
2
Suppose -484 = -2*b + 5*c + 1370, b - 909 = -2*c. Let j(v) = 4*v**2 + 16*v + 3. What is the remainder when b is divided by j(-6)?
50
Let o(f) = 9*f + 2050. Calculate the remainder when o(22) is divided by 40.
8
Suppose 3*i = -5*w + 59, -5*i - 11*w = -3*w - 97. Suppose 0 = -5*u + 152 + 58. Let j = u + -5. Calculate the remainder when j is divided by i.
11
Suppose -170*l + 81*l = -86*l - 2913. What is the remainder when l is divided by 122?
117
Let w(f) = -7*f**3 - f**2 + 71*f + 70. Calculate the remainder when 114 is divided by w(-1).
4
Suppose 0 = -177*q + 182*q - 60. Suppose q*g - 4595 = 4729. What is the remainder when g is divided by 19?
17
Suppose 0 = q + p - 2, 5*q - p = 3*p + 46. Let f(d) = d**3 + 7*d**2 + 6*d - 9. Let t be f(-4). What is the remainder when q is divided by 1/((-12)/t - -1)?
1
Suppose -58*h - 24374 = -83824. Calculate the remainder when h is divided by 506.
13
Suppose f + 18 = 3*f. Suppose 16*l - 336 = f*l. Calculate the remainder when l is divided by 25.
23
Suppose -464 = 2*l - 3*j, -2*j = l + 153 + 79. Let v be 1*4/14 - l/(-28). Calculate the remainder when 30 is divided by (-18)/(-15)*-15*v/36.
2
Let i(y) = y**3 + 23*y**2 - 2*y - 32. Calculate the remainder when i(-23) is divided by 7 + 5 + (-66)/11.
2
Let r = -19046 - -19086. What is the remainder when 482 is divided by r?
2
Suppose -2*r + 2*l + 48 = 0, 60 + 28 = 3*r - 5*l. Let n = 8 - 0. What is the remainder when r is divided by n?
0
Suppose -2*t - 10*d = -14*d - 16, -5*t + 4*d = -34. Let z(y) = 3 + 0*y**2 - 2*y**2 + y**3 - 4*y**2 + 7. What is the remainder when 107 is divided by z(t)?
7
Suppose 218*g - 4319 = 2221. What is the remainder when 61 is divided by g?
1
Let d = 412 + -409. Suppose -1791 = -3*g + 2*k, 4*g - 2*g = d*k + 1189. Calculate the remainder when g is divided by 75.
74
Let u(d) = -2*d**2 - 2*d - 103. Let l be u(0). Let j = l + 71. Let s = -28 - j. Calculate the remainder when 7 is divided by s.
3
Let p be ((-261)/(-6))/((-4)/16). Let i = 199 + p. What is the remainder when 171 is divided by i?
21
Suppose -25*p = -5*z - 20*p + 360, 0 = z + 4*p - 102. Calculate the remainder when 319 is divided by z.
7
Let u(q) = 15 + q**2 - 15*q + 16*q - 11. Let x be u(3). What is the remainder when 13 is divided by 2/8 - (2 - 92/x)?
1
Let g(z) = -z**3 + 11*z**2 + 62*z - 12. What is the remainder when g(-8) is divided by 65?
58
Let h(z) = -z**2 + 1. Let p(g) = -5*g**2 - 43*g + 276. Let i(k) = 6*h(k) - p(k). What is the remainder when i(35) is divided by 2/(-4) - (-14)/4?
1
Suppose -p = p + 3*l - 8227, 5*p - 4*l = 20556. Suppose -p = -9*t - 683. What is the remainder when t is divided by 48?
45
Let t(h) = 657*h + 60. What is the remainder when